{"id":1291,"date":"2020-04-07T13:25:02","date_gmt":"2020-04-07T13:25:02","guid":{"rendered":"http:\/\/vmttdprod01.cadm.pjud\/ttd\/?page_id=1291"},"modified":"2026-03-27T12:38:19","modified_gmt":"2026-03-27T12:38:19","slug":"estadisticas-ttd","status":"publish","type":"page","link":"https:\/\/ttd.pjud.cl\/ttd\/?page_id=1291","title":{"rendered":"Estad\u00edsticas TTD"},"content":{"rendered":"<p><strong>A continuaci\u00f3n se pueden gr\u00e1ficar el total de ingresos de usuarios al programa TTD\u00a0 tanto adultos y RPA.<img loading=\"lazy\" decoding=\"async\" class=\"aligncenter size-full wp-image-1942\" src=\"https:\/\/ttd.pjud.cl\/ttd\/wp-content\/uploads\/2026\/03\/Ingresos-adultos-2020-al-2025.png\" alt=\"\" width=\"2400\" height=\"1600\" \/><\/strong><\/p>\n<p><img loading=\"lazy\" decoding=\"async\" class=\"aligncenter size-full wp-image-1944\" src=\"https:\/\/ttd.pjud.cl\/ttd\/wp-content\/uploads\/2026\/03\/Ingresos-RPA-2020-al-2025.png\" alt=\"\" width=\"2400\" height=\"1600\" \/><\/p>\n<p>A continuaci\u00f3n se pueden ver los diferentes estados de los usuarios TTD en todos los tribunales TTD, la cantidad de\u00a0 bajas y egresos exitosos desde el 2020 al 2025.<\/p>\n<p><img loading=\"lazy\" decoding=\"async\" class=\"aligncenter size-full wp-image-1946\" src=\"https:\/\/ttd.pjud.cl\/ttd\/wp-content\/uploads\/2026\/03\/Bajas-adultos-2020-al-2025.png\" alt=\"\" width=\"2400\" height=\"1600\" \/><\/p>\n<p><img loading=\"lazy\" decoding=\"async\" class=\"aligncenter size-full wp-image-1947\" src=\"https:\/\/ttd.pjud.cl\/ttd\/wp-content\/uploads\/2026\/03\/Bajas-RPA-2020-al-2025.png\" alt=\"\" width=\"2400\" height=\"1600\" \/><\/p>\n<p style=\"text-align: center;\">__________________________________________<img loading=\"lazy\" decoding=\"async\" class=\"aligncenter size-full wp-image-1948\" src=\"https:\/\/ttd.pjud.cl\/ttd\/wp-content\/uploads\/2026\/03\/Egresos-exitosos-adultos-2020-al-2025.png\" alt=\"\" width=\"2400\" height=\"1600\" \/><img loading=\"lazy\" decoding=\"async\" class=\"aligncenter size-full wp-image-1949\" src=\"https:\/\/ttd.pjud.cl\/ttd\/wp-content\/uploads\/2026\/03\/Egresos-exitosos-RPA-2020-al-2025.png\" alt=\"\" width=\"2400\" height=\"1600\" \/>___________________<\/p>\n<p><img loading=\"lazy\" decoding=\"async\" class=\"aligncenter size-full wp-image-1951\" src=\"https:\/\/ttd.pjud.cl\/ttd\/wp-content\/uploads\/2026\/03\/ttd-en-numero-2020-al-2025.jpg\" alt=\"\" width=\"1138\" height=\"364\" \/><\/p>\n","protected":false},"excerpt":{"rendered":"<p>A continuaci\u00f3n se pueden gr\u00e1ficar el total de ingresos de usuarios al programa TTD\u00a0 tanto adultos y RPA. A continuaci\u00f3n se pueden ver los diferentes estados de los usuarios TTD&#8230; <a class=\"continue-reading-link\" href=\"https:\/\/ttd.pjud.cl\/ttd\/?page_id=1291\">Leer m\u00e1s &#8230;<\/a><\/p>\n","protected":false},"author":2,"featured_media":1220,"parent":0,"menu_order":0,"comment_status":"closed","ping_status":"closed","template":"","meta":{"footnotes":""},"class_list":["post-1291","page","type-page","status-publish","has-post-thumbnail","hentry"],"_links":{"self":[{"href":"https:\/\/ttd.pjud.cl\/ttd\/index.php?rest_route=\/wp\/v2\/pages\/1291"}],"collection":[{"href":"https:\/\/ttd.pjud.cl\/ttd\/index.php?rest_route=\/wp\/v2\/pages"}],"about":[{"href":"https:\/\/ttd.pjud.cl\/ttd\/index.php?rest_route=\/wp\/v2\/types\/page"}],"author":[{"embeddable":true,"href":"https:\/\/ttd.pjud.cl\/ttd\/index.php?rest_route=\/wp\/v2\/users\/2"}],"replies":[{"embeddable":true,"href":"https:\/\/ttd.pjud.cl\/ttd\/index.php?rest_route=%2Fwp%2Fv2%2Fcomments&post=1291"}],"version-history":[{"count":12,"href":"https:\/\/ttd.pjud.cl\/ttd\/index.php?rest_route=\/wp\/v2\/pages\/1291\/revisions"}],"predecessor-version":[{"id":1952,"href":"https:\/\/ttd.pjud.cl\/ttd\/index.php?rest_route=\/wp\/v2\/pages\/1291\/revisions\/1952"}],"wp:featuredmedia":[{"embeddable":true,"href":"https:\/\/ttd.pjud.cl\/ttd\/index.php?rest_route=\/wp\/v2\/media\/1220"}],"wp:attachment":[{"href":"https:\/\/ttd.pjud.cl\/ttd\/index.php?rest_route=%2Fwp%2Fv2%2Fmedia&parent=1291"}],"curies":[{"name":"wp","href":"https:\/\/api.w.org\/{rel}","templated":true}]}}