{"id":428,"date":"2017-01-11T18:25:17","date_gmt":"2017-01-11T18:25:17","guid":{"rendered":"http:\/\/vmttdprod01.cadm.pjud\/ttd\/?page_id=428"},"modified":"2022-03-21T13:49:26","modified_gmt":"2022-03-21T13:49:26","slug":"unidad-de-seguimiento-ttd","status":"publish","type":"page","link":"https:\/\/ttd.pjud.cl\/ttd\/?page_id=428","title":{"rendered":"Qui\u00e9nes Somos"},"content":{"rendered":"<p><b>UNIDAD DE SEGUIMIENTO TTD<\/b><\/p>\n<p><span style=\"font-weight: 400;\">Con la finalidad de potenciar, dar seguimiento y conocer el funcionamiento del modelo en Chile, es que en marzo de 2015, el Poder Judicial aprob\u00f3 la creaci\u00f3n de la Unidad de Seguimiento del\u00a0 Programa de Tribunales de Tratamiento de Drogas y\/o Alcohol (TTD), la cual pertenece administrativamente al Departamento de Desarrollo Institucional (DDI) y est\u00e1 a cargo del Ministro Interlocutor del\u00a0 Programa TTD a nivel nacional Sr. Roberto Contreras Olivares, quien fue designado por la Excma. Corte Suprema. La Unidad est\u00e1 compuesta por 3 profesionales:\u00a0<\/span><\/p>\n<p><span style=\"font-weight: 400;\">Sra. Georgette Urra, Abogado Jefe de la Unidad.<\/span><\/p>\n<p><span style=\"font-weight: 400;\">Srta. Andrea Sanhueza Lucero, Abogada Administrativo.<\/span><\/p>\n<p><span style=\"font-weight: 400;\">Sr. Ronny Guerra Vargas, Ingeniero en Inform\u00e1tica.<\/span><\/p>\n<p><span style=\"font-weight: 400;\">La Unidad de Seguimiento TTD es la encargada de ver los asuntos administrativos que se generan al interior del Poder Judicial, los juzgados de garant\u00edas con Programa en poblaci\u00f3n adulta y adolescente, y tambi\u00e9n atender los requerimientos de los operadores (Ministerio de Justicia, Fiscal\u00eda, Defensor\u00eda Penal P\u00fablica, SENDA y SENAME), sus principales funciones son:<\/span><\/p>\n<h4 style=\"text-align: left;\"><strong>I.\u00a0<span style=\"text-decoration: underline;\">A nivel nacional\u00a0<\/span><\/strong><\/h4>\n<ol>\n<li style=\"font-weight: 400;\"><span style=\"font-weight: 400;\">Implementar el Programa TTD en aquellas zonas del pa\u00eds donde actualmente no existe el modelo TTD.<\/span><\/li>\n<li style=\"font-weight: 400;\"><span style=\"font-weight: 400;\">Realizar y organizar capacitaciones constantes a los distintos operadores del Programa TTD (Tribunales de Garant\u00eda en especial a los jueces \/as, Ministerio de Justicia, Fiscal\u00eda, Defensor\u00eda Penal P\u00fablica, SENDA, y SENAME).<\/span><\/li>\n<li style=\"font-weight: 400;\"><span style=\"font-weight: 400;\">Levantamiento de informaci\u00f3n, dificultades y avances para el reforzamiento de los tribunales que trabajan con Programa TTD en poblaci\u00f3n adulta y adolescente.<\/span><\/li>\n<li style=\"font-weight: 400;\"><span style=\"font-weight: 400;\">Reforzamiento y capacitaci\u00f3n al m\u00f3dulo de TTD que est\u00e1 inserto en el SIAGJ, es una herramienta computacional que permite levanta informaci\u00f3n relevante respeto del programa.<\/span><\/li>\n<li style=\"font-weight: 400;\"><span style=\"font-weight: 400;\">Elaboraci\u00f3n de insumos para la suscripci\u00f3n de acuerdos bilaterales con los diferentes operadores del Programa TTD (Ministerio de Justicia, Ministerio P\u00fablico, Defensor\u00eda Penal P\u00fablica, SENDA y SENAME).<\/span><\/li>\n<li style=\"font-weight: 400;\"><span style=\"font-weight: 400;\">Dar visibilidad al programa, como estrategia alternativa a la soluci\u00f3n del conflicto jur\u00eddico penal y distinta a la que proporciona la justicia adversarial tradicional.<\/span><\/li>\n<li style=\"font-weight: 400;\"><span style=\"font-weight: 400;\">Coordinaci\u00f3n y apoyo constante en los requerimientos del Programa TTD.<\/span><\/li>\n<li style=\"font-weight: 400;\"><span style=\"font-weight: 400;\">Coordinar las diferentes actividades relacionadas al Programa TTD<\/span><\/li>\n<li style=\"font-weight: 400;\"><span style=\"font-weight: 400;\">Realizar estudios, estad\u00edsticas y confecci\u00f3n de insumos con el objetivo de conocer el estado actual del modelo y hacer su seguimiento a fin de establecer posibles mejoras al proceso.<\/span><\/li>\n<li style=\"font-weight: 400;\"><span style=\"font-weight: 400;\">Participaci\u00f3n estable en las mesas legales y operativas organizadas por la Unidad Coordinadora del Ministerio de Justicia en el Convenio Interinstitucional suscrito el a\u00f1o 2012.<\/span><\/li>\n<li style=\"font-weight: 400;\"><span style=\"font-weight: 400;\">\u00a0Apoyar a la realizaci\u00f3n de las audiencias de ingreso al Programa TTD, a su seguimiento, como al egreso exitoso de los usuarios.<\/span><\/li>\n<\/ol>\n<h4 style=\"text-align: left;\"><strong>\u00a0II.\u00a0 \u00a0<\/strong><span style=\"text-decoration: underline;\"><strong>A nivel internacional\u00a0<\/strong><\/span><\/h4>\n<p><span style=\"font-weight: 400;\">Cumple el rol de Secretar\u00eda T\u00e9cnica de la Comisi\u00f3n Permanente de mecanismos alternativos, restaurativos de resoluci\u00f3n de conflictos y Tribunales de Tratamiento de Drogas y\/o Alcohol (MARC-TTD) de la Cumbre Judicial Iberoamericana, la cual apoyo a la Presidencia y a la Comisi\u00f3n.<\/span><\/p>\n<p><span style=\"font-weight: 400;\">Las funciones de la Secretar\u00eda T\u00e9cnica son:<\/span><\/p>\n<ol>\n<li style=\"font-weight: 400;\"><span style=\"font-weight: 400;\">Apoyar a la Presidencia en sus funciones.<\/span><\/li>\n<li style=\"font-weight: 400;\"><span style=\"font-weight: 400;\">Facilitar la comunicaci\u00f3n entre los miembros de la Comisi\u00f3n<\/span><\/li>\n<li style=\"font-weight: 400;\"><span style=\"font-weight: 400;\">Coordinar las reuniones ordinarias y extraordinarias que se<\/span><\/li>\n<\/ol>\n<p><span style=\"font-weight: 400;\">convoquen, en colaboraci\u00f3n con la Instituci\u00f3n del pa\u00eds anfitri\u00f3n.<\/span><\/p>\n<ol>\n<li style=\"font-weight: 400;\"><span style=\"font-weight: 400;\">Coordinar las actividades que se programen por la Comisi\u00f3n.<\/span><\/li>\n<li style=\"font-weight: 400;\"><span style=\"font-weight: 400;\">Realizar todas aquellas otras actividades que le sean encomendadas por la Comisi\u00f3n o por la Presidencia.<\/span><\/li>\n<li style=\"font-weight: 400;\"><span style=\"font-weight: 400;\">Emitir y recibir los actos de comunicaci\u00f3n relacionados con la Comisi\u00f3n y, por tanto, las notificaciones, peticiones de datos, rectificaciones o cualquiera otra clase de informaci\u00f3n de la que deba tener conocimiento.<\/span><\/li>\n<li style=\"font-weight: 400;\"><span style=\"font-weight: 400;\">Tramitar los asuntos que sean competencia de la Comisi\u00f3n, redactar y preparar la autorizaci\u00f3n por los representantes de las actas de las sesiones, que contendr\u00e1n los acuerdos adoptados con una sucinta referencia a los principales puntos de debate. Cuando los asistentes quieran que determinadas intervenciones consten expresamente en el acta, lo solicitar\u00e1n por escrito al Secretario adjuntando su intervenci\u00f3n.<\/span><\/li>\n<li style=\"font-weight: 400;\"><span style=\"font-weight: 400;\">Expedir certificaciones de las consultas, dict\u00e1menes y acuerdos<\/span><\/li>\n<\/ol>\n<p><span style=\"font-weight: 400;\">Aprobados.<\/span><\/p>\n<ol>\n<li style=\"font-weight: 400;\"><span style=\"font-weight: 400;\">Utilizar sistem\u00e1ticamente medios id\u00f3neos para hacer llegar los<\/span><\/li>\n<\/ol>\n<p><span style=\"font-weight: 400;\">distintos instrumentos de trabajo con rapidez y eficacia.<\/span><\/p>\n","protected":false},"excerpt":{"rendered":"<p>UNIDAD DE SEGUIMIENTO TTD Con la finalidad de potenciar, dar seguimiento y conocer el funcionamiento del modelo en Chile, es que en marzo de 2015, el Poder Judicial aprob\u00f3 la&#8230; <a class=\"continue-reading-link\" href=\"https:\/\/ttd.pjud.cl\/ttd\/?page_id=428\">Leer m\u00e1s &#8230;<\/a><\/p>\n","protected":false},"author":1,"featured_media":0,"parent":0,"menu_order":0,"comment_status":"closed","ping_status":"closed","template":"","meta":{"footnotes":""},"class_list":["post-428","page","type-page","status-publish","hentry"],"_links":{"self":[{"href":"https:\/\/ttd.pjud.cl\/ttd\/index.php?rest_route=\/wp\/v2\/pages\/428"}],"collection":[{"href":"https:\/\/ttd.pjud.cl\/ttd\/index.php?rest_route=\/wp\/v2\/pages"}],"about":[{"href":"https:\/\/ttd.pjud.cl\/ttd\/index.php?rest_route=\/wp\/v2\/types\/page"}],"author":[{"embeddable":true,"href":"https:\/\/ttd.pjud.cl\/ttd\/index.php?rest_route=\/wp\/v2\/users\/1"}],"replies":[{"embeddable":true,"href":"https:\/\/ttd.pjud.cl\/ttd\/index.php?rest_route=%2Fwp%2Fv2%2Fcomments&post=428"}],"version-history":[{"count":107,"href":"https:\/\/ttd.pjud.cl\/ttd\/index.php?rest_route=\/wp\/v2\/pages\/428\/revisions"}],"predecessor-version":[{"id":1550,"href":"https:\/\/ttd.pjud.cl\/ttd\/index.php?rest_route=\/wp\/v2\/pages\/428\/revisions\/1550"}],"wp:attachment":[{"href":"https:\/\/ttd.pjud.cl\/ttd\/index.php?rest_route=%2Fwp%2Fv2%2Fmedia&parent=428"}],"curies":[{"name":"wp","href":"https:\/\/api.w.org\/{rel}","templated":true}]}}